[INFO] cloning repository https://github.com/supersonictw/servo
[INFO] running `Command { std: "git" "-c" "credential.helper=" "-c" "credential.helper=/workspace/cargo-home/bin/git-credential-null" "clone" "--bare" "https://github.com/supersonictw/servo" "/workspace/cache/git-repos/https%3A%2F%2Fgithub.com%2Fsupersonictw%2Fservo", kill_on_drop: false }`
[INFO] [stderr] Cloning into bare repository '/workspace/cache/git-repos/https%3A%2F%2Fgithub.com%2Fsupersonictw%2Fservo'...
[INFO] running `Command { std: "git" "rev-parse" "HEAD", kill_on_drop: false }`
[INFO] [stdout] 10a63cc9d41acb535353436cf276eac5fdebb971
[INFO] building supersonictw/servo against master#881c1ac408d93bb7adaa3a51dabab9266e82eee8 for issue-85264
[INFO] running `Command { std: "git" "clone" "/workspace/cache/git-repos/https%3A%2F%2Fgithub.com%2Fsupersonictw%2Fservo" "/workspace/builds/worker-2/source", kill_on_drop: false }`
[INFO] [stderr] Cloning into '/workspace/builds/worker-2/source'...
[INFO] [stderr] done.
[INFO] [stderr] Updating files:  15% (13275/87824)
Updating files:  16% (14052/87824)
Updating files:  17% (14931/87824)
Updating files:  18% (15809/87824)
Updating files:  19% (16687/87824)
Updating files:  20% (17565/87824)
Updating files:  21% (18444/87824)
Updating files:  22% (19322/87824)
Updating files:  23% (20200/87824)
Updating files:  24% (21078/87824)
Updating files:  25% (21956/87824)
Updating files:  26% (22835/87824)
Updating files:  27% (23713/87824)
Updating files:  28% (24591/87824)
Updating files:  29% (25469/87824)
Updating files:  30% (26348/87824)
Updating files:  31% (27226/87824)
Updating files:  32% (28104/87824)
Updating files:  33% (28982/87824)
Updating files:  34% (29861/87824)
Updating files:  35% (30739/87824)
Updating files:  36% (31617/87824)
Updating files:  37% (32495/87824)
Updating files:  38% (33374/87824)
Updating files:  39% (34252/87824)
Updating files:  39% (34812/87824)
Updating files:  40% (35130/87824)
Updating files:  41% (36008/87824)
Updating files:  42% (36887/87824)
Updating files:  43% (37765/87824)
Updating files:  44% (38643/87824)
Updating files:  45% (39521/87824)
Updating files:  46% (40400/87824)
Updating files:  47% (41278/87824)
Updating files:  48% (42156/87824)
Updating files:  49% (43034/87824)
Updating files:  50% (43912/87824)
Updating files:  51% (44791/87824)
Updating files:  52% (45669/87824)
Updating files:  53% (46547/87824)
Updating files:  54% (47425/87824)
Updating files:  54% (48296/87824)
Updating files:  55% (48304/87824)
Updating files:  56% (49182/87824)
Updating files:  57% (50060/87824)
Updating files:  58% (50938/87824)
Updating files:  59% (51817/87824)
Updating files:  60% (52695/87824)
Updating files:  61% (53573/87824)
Updating files:  62% (54451/87824)
Updating files:  63% (55330/87824)
Updating files:  64% (56208/87824)
Updating files:  65% (57086/87824)
Updating files:  66% (57964/87824)
Updating files:  67% (58843/87824)
Updating files:  68% (59721/87824)
Updating files:  69% (60599/87824)
Updating files:  70% (61477/87824)
Updating files:  71% (62356/87824)
Updating files:  72% (63234/87824)
Updating files:  73% (64112/87824)
Updating files:  74% (64990/87824)
Updating files:  75% (65868/87824)
Updating files:  75% (66661/87824)
Updating files:  76% (66747/87824)
Updating files:  77% (67625/87824)
Updating files:  78% (68503/87824)
Updating files:  79% (69381/87824)
Updating files:  80% (70260/87824)
Updating files:  81% (71138/87824)
Updating files:  82% (72016/87824)
Updating files:  83% (72894/87824)
Updating files:  84% (73773/87824)
Updating files:  85% (74651/87824)
Updating files:  86% (75529/87824)
Updating files:  87% (76407/87824)
Updating files:  87% (77170/87824)
Updating files:  88% (77286/87824)
Updating files:  89% (78164/87824)
Updating files:  90% (79042/87824)
Updating files:  91% (79920/87824)
Updating files:  92% (80799/87824)
Updating files:  93% (81677/87824)
Updating files:  94% (82555/87824)
Updating files:  95% (83433/87824)
Updating files:  96% (84312/87824)
Updating files:  97% (85190/87824)
Updating files:  98% (86068/87824)
Updating files:  99% (86946/87824)
Updating files: 100% (87824/87824)
Updating files: 100% (87824/87824), done.
[INFO] validating manifest of git repo https://github.com/supersonictw/servo on toolchain 881c1ac408d93bb7adaa3a51dabab9266e82eee8
[INFO] running `Command { std: "/workspace/cargo-home/bin/cargo" "+881c1ac408d93bb7adaa3a51dabab9266e82eee8" "metadata" "--manifest-path" "Cargo.toml" "--no-deps", kill_on_drop: false }`
[INFO] removed /workspace/builds/worker-2/source/.cargo/config
[INFO] removed /workspace/builds/worker-2/source/rust-toolchain
[INFO] started tweaking git repo https://github.com/supersonictw/servo
[INFO] finished tweaking git repo https://github.com/supersonictw/servo
[INFO] tweaked toml for git repo https://github.com/supersonictw/servo written to /workspace/builds/worker-2/source/Cargo.toml
[INFO] crate git repo https://github.com/supersonictw/servo already has a lockfile, it will not be regenerated
[INFO] running `Command { std: "/workspace/cargo-home/bin/cargo" "+881c1ac408d93bb7adaa3a51dabab9266e82eee8" "fetch" "--manifest-path" "Cargo.toml", kill_on_drop: false }`
[INFO] [stderr] warning: /workspace/builds/worker-2/source/components/config/Cargo.toml: Found `feature = ...` in `target.'cfg(...)'.dependencies`. This key is not supported for selecting dependencies and will not work as expected. Use the [features] section instead: https://doc.rust-lang.org/cargo/reference/features.html
[INFO] [stderr]     Updating git repository `https://github.com/servo/mio.git`
[INFO] [stderr]     Updating git repository `https://github.com/servo/winapi-rs`
[INFO] [stderr]     Updating git repository `https://github.com/servo/osmesa-src`
[INFO] [stderr]     Updating git repository `https://github.com/servo/media`
[INFO] [stderr]     Updating git repository `https://github.com/servo/webxr`
[INFO] [stderr]     Updating git repository `https://github.com/servo/devices`
[INFO] [stderr]     Updating git repository `https://github.com/servo/rust-azure`
[INFO] [stderr]     Updating git repository `https://github.com/jrmuizel/raqote`
[INFO] [stderr]     Updating git repository `https://github.com/energymon/energymon-rust.git`
[INFO] [stderr]     Updating git repository `https://github.com/pcwalton/signpost.git`
[INFO] [stderr]     Updating git repository `https://github.com/servo/fontsan`
[INFO] [stderr]     Updating git submodule `https://github.com/khaledhosny/ots`
[INFO] [stderr]     Updating git submodule `https://github.com/google/brotli.git`
[INFO] [stderr]     Updating git submodule `https://github.com/hillbig/esaxx`
[INFO] [stderr]     Updating git submodule `https://github.com/google/googletest.git`
[INFO] [stderr]     Updating git submodule `https://github.com/lz4/lz4.git`
[INFO] [stderr]     Updating git submodule `https://github.com/google/woff2.git`
[INFO] [stderr]     Updating git submodule `https://github.com/google/brotli.git`
[INFO] [stderr]     Updating git submodule `https://github.com/hillbig/esaxx`
[INFO] [stderr]     Updating git submodule `https://github.com/madler/zlib.git`
[INFO] [stderr]     Updating git repository `https://github.com/servo/rust-mozjs`
[INFO] [stderr]     Updating git repository `https://github.com/energymon/energymon-sys.git`
[INFO] [stderr]     Updating git repository `https://github.com/servo/mozjs`
[INFO] [stderr]     Blocking waiting for file lock on package cache
[INFO] [stderr]  Downloading crates ...
[INFO] [stderr]   Downloaded muldiv v0.2.0
[INFO] [stderr]   Downloaded x11 v2.17.3
[INFO] [stderr]   Downloaded cbindgen v0.9.1
[INFO] [stderr]   Downloaded gstreamer-sys v0.8.0
[INFO] [stderr]   Downloaded darling_core v0.10.1
[INFO] [stderr]   Downloaded miniz_oxide v0.1.3
[INFO] [stderr]   Downloaded blurmock v0.1.3
[INFO] [stderr]   Downloaded gstreamer-webrtc v0.14.0
[INFO] [stderr]   Downloaded ron v0.1.7
[INFO] [stderr]   Downloaded gstreamer-sdp-sys v0.8.0
[INFO] [stderr]   Downloaded smallbitvec v2.3.0
[INFO] [stderr]   Downloaded wayland-sys v0.24.0
[INFO] [stderr]   Downloaded cssparser v0.27.1
[INFO] [stderr]   Downloaded dtoa-short v0.3.0
[INFO] [stderr]   Downloaded darling_macro v0.10.1
[INFO] [stderr]   Downloaded app_units v0.7.0
[INFO] [stderr]   Downloaded surfman-chains-api v0.2.0
[INFO] [stderr]   Downloaded darling v0.10.1
[INFO] [stderr]   Downloaded thread_profiler v0.1.3
[INFO] [stderr]   Downloaded content-security-policy v0.3.0
[INFO] [stderr]   Downloaded cexpr v0.3.3
[INFO] [stderr]   Downloaded truetype v0.26.0
[INFO] [stderr]   Downloaded moite_moite v0.2.0
[INFO] [stderr]   Downloaded boxfnonce v0.1.0
[INFO] [stderr]   Downloaded gstreamer-audio v0.14.0
[INFO] [stderr]   Downloaded influent v0.5.2
[INFO] [stderr]   Downloaded energy-monitor v0.2.0
[INFO] [stderr]   Downloaded miniz_oxide_c_api v0.1.3
[INFO] [stderr]   Downloaded byte-slice-cast v0.2.0
[INFO] [stderr]   Downloaded gstreamer-app v0.14.0
[INFO] [stderr]   Downloaded surfman-chains v0.2.0
[INFO] [stderr]   Downloaded gstreamer-player v0.14.0
[INFO] [stderr]   Downloaded gstreamer-audio-sys v0.8.0
[INFO] [stderr]   Downloaded cstr-macros v0.1.6
[INFO] [stderr]   Downloaded ordered-float v1.0.0
[INFO] [stderr]   Downloaded hyper_serde v0.11.1
[INFO] [stderr]   Downloaded swapper v0.1.0
[INFO] [stderr]   Downloaded histogram v0.6.8
[INFO] [stderr]   Downloaded gstreamer-video v0.14.0
[INFO] [stderr]   Downloaded android_logger v0.7.0
[INFO] [stderr]   Downloaded blurz v0.3.0
[INFO] [stderr]   Downloaded webdriver v0.40.1
[INFO] [stderr]   Downloaded mitochondria v1.1.2
[INFO] [stderr]   Downloaded openxr v0.9.1
[INFO] [stderr]   Downloaded rust-webvr-api v0.16.0
[INFO] [stderr]   Downloaded dbus v0.6.3
[INFO] [stderr]   Downloaded gstreamer-app-sys v0.8.0
[INFO] [stderr]   Downloaded unwind-sys v0.1.1
[INFO] [stderr]   Downloaded gstreamer-base v0.14.0
[INFO] [stderr]   Downloaded rust-webvr v0.16.1
[INFO] [stderr]   Downloaded atomic_refcell v0.1.0
[INFO] [stderr]   Downloaded sig v1.0.0
[INFO] [stderr]   Downloaded ovr-mobile-sys v0.4.0
[INFO] [stderr]   Downloaded combine v3.5.2
[INFO] [stderr]   Downloaded encoding_rs v0.8.12
[INFO] [stderr]   Downloaded euclid v0.20.3
[INFO] [stderr]   Downloaded glx v0.2.5
[INFO] [stderr]   Downloaded servo-freetype-sys v4.0.4
[INFO] [stderr]   Downloaded ucd v0.1.1
[INFO] [stderr]   Downloaded svg_fmt v0.4.0
[INFO] [stderr]   Downloaded uuid v0.8.0
[INFO] [stderr]   Downloaded gstreamer-video-sys v0.8.0
[INFO] [stderr]   Downloaded rayon_croissant v0.1.1
[INFO] [stderr]   Downloaded heartbeats-simple-sys v0.4.1
[INFO] [stderr]   Downloaded cstr v0.1.7
[INFO] [stderr]   Downloaded ref_filter_map v1.0.1
[INFO] [stderr]   Downloaded which v3.0.0
[INFO] [stderr]   Downloaded brotli v3.1.5
[INFO] [stderr]   Downloaded hyper-openssl v0.7.0
[INFO] [stderr]   Downloaded blurdroid v0.1.6
[INFO] [stderr]   Downloaded gstreamer-gl-sys v0.8.0
[INFO] [stderr]   Downloaded surfman v0.1.0
[INFO] [stderr]   Downloaded uluru v0.3.0
[INFO] [stderr]   Downloaded binary-space-partition v0.1.2
[INFO] [stderr]   Downloaded brotli-decompressor v2.1.3
[INFO] [stderr]   Downloaded warp v0.1.19
[INFO] [stderr]   Downloaded glib v0.8.0
[INFO] [stderr]   Downloaded gstreamer v0.14.5
[INFO] [stderr]   Downloaded keyboard-types v0.4.4
[INFO] [stderr]   Downloaded half v1.0.0
[INFO] [stderr]   Downloaded clipboard-win v2.1.1
[INFO] [stderr]   Downloaded gleam v0.6.18
[INFO] [stderr]   Downloaded heartbeats-simple v0.4.0
[INFO] [stderr]   Downloaded plane-split v0.15.0
[INFO] [stderr]   Downloaded gaol v0.2.1
[INFO] [stderr]   Downloaded harfbuzz-sys v0.3.3
[INFO] [stderr]   Downloaded libflate v0.1.26
[INFO] [stderr]   Downloaded libdbus-sys v0.1.4
[INFO] [stderr]   Downloaded gstreamer-player-sys v0.8.0
[INFO] [stderr]   Downloaded gstreamer-base-sys v0.8.0
[INFO] [stderr]   Downloaded gstreamer-webrtc-sys v0.8.0
[INFO] [stderr]   Downloaded sparkle v0.1.10
[INFO] [stderr]   Downloaded ipc-channel v0.12.2
[INFO] [stderr]   Downloaded alloc-no-stdlib v2.0.0
[INFO] [stderr]   Downloaded gstreamer-gl v0.14.0
[INFO] [stderr]   Downloaded android_injected_glue v0.2.3
[INFO] [stderr]   Downloaded openxr-sys v0.6.4
[INFO] [stderr]   Downloaded gstreamer-sdp v0.14.0
[INFO] [stderr]   Downloaded immeta v0.4.0
[INFO] [stderr]   Downloaded servo-egl v0.2.1
[INFO] [stderr]   Downloaded mozangle v0.2.7
[INFO] [stderr]   Downloaded servo-skia v0.30000023.1
[INFO] [stderr]   Downloaded gvr-sys v0.7.0
[INFO] running `Command { std: "docker" "create" "-v" "/var/lib/crater-agent-workspace/builds/worker-2/target:/opt/rustwide/target:rw,Z" "-v" "/var/lib/crater-agent-workspace/builds/worker-2/source:/opt/rustwide/workdir:ro,Z" "-v" "/var/lib/crater-agent-workspace/cargo-home:/opt/rustwide/cargo-home:ro,Z" "-v" "/var/lib/crater-agent-workspace/rustup-home:/opt/rustwide/rustup-home:ro,Z" "-e" "SOURCE_DIR=/opt/rustwide/workdir" "-e" "CARGO_TARGET_DIR=/opt/rustwide/target" "-e" "CARGO_HOME=/opt/rustwide/cargo-home" "-e" "RUSTUP_HOME=/opt/rustwide/rustup-home" "-w" "/opt/rustwide/workdir" "-m" "1610612736" "--user" "0:0" "--network" "none" "ghcr.io/rust-lang/crates-build-env/linux@sha256:20528e8c29e4536546f0102ce88568b16ea7538393a33fcca951030f7af10457" "/opt/rustwide/cargo-home/bin/cargo" "+881c1ac408d93bb7adaa3a51dabab9266e82eee8" "metadata" "--no-deps" "--format-version=1", kill_on_drop: false }`
[INFO] [stderr] WARNING: Your kernel does not support swap limit capabilities or the cgroup is not mounted. Memory limited without swap.
[INFO] [stdout] b5d76f43dee1bc4ddb288b41176499efbc5cecea3d028526006c96b530cf7b1c
[INFO] running `Command { std: "docker" "start" "-a" "b5d76f43dee1bc4ddb288b41176499efbc5cecea3d028526006c96b530cf7b1c", kill_on_drop: false }`
[INFO] running `Command { std: "docker" "inspect" "b5d76f43dee1bc4ddb288b41176499efbc5cecea3d028526006c96b530cf7b1c", kill_on_drop: false }`
[INFO] running `Command { std: "docker" "rm" "-f" "b5d76f43dee1bc4ddb288b41176499efbc5cecea3d028526006c96b530cf7b1c", kill_on_drop: false }`
[INFO] [stdout] b5d76f43dee1bc4ddb288b41176499efbc5cecea3d028526006c96b530cf7b1c
[INFO] running `Command { std: "docker" "create" "-v" "/var/lib/crater-agent-workspace/builds/worker-2/target:/opt/rustwide/target:rw,Z" "-v" "/var/lib/crater-agent-workspace/builds/worker-2/source:/opt/rustwide/workdir:ro,Z" "-v" "/var/lib/crater-agent-workspace/cargo-home:/opt/rustwide/cargo-home:ro,Z" "-v" "/var/lib/crater-agent-workspace/rustup-home:/opt/rustwide/rustup-home:ro,Z" "-e" "SOURCE_DIR=/opt/rustwide/workdir" "-e" "CARGO_TARGET_DIR=/opt/rustwide/target" "-e" "CARGO_INCREMENTAL=0" "-e" "RUST_BACKTRACE=full" "-e" "RUSTFLAGS=--cap-lints=forbid" "-e" "CARGO_HOME=/opt/rustwide/cargo-home" "-e" "RUSTUP_HOME=/opt/rustwide/rustup-home" "-w" "/opt/rustwide/workdir" "-m" "1610612736" "--user" "0:0" "--network" "none" "ghcr.io/rust-lang/crates-build-env/linux@sha256:20528e8c29e4536546f0102ce88568b16ea7538393a33fcca951030f7af10457" "/opt/rustwide/cargo-home/bin/cargo" "+881c1ac408d93bb7adaa3a51dabab9266e82eee8" "build" "--frozen" "--message-format=json", kill_on_drop: false }`
[INFO] [stdout] 4d9efaa59d6c9e722866edec5d277528ee7fea85b97bb96670d93532ba9bb0d6
[INFO] [stderr] WARNING: Your kernel does not support swap limit capabilities or the cgroup is not mounted. Memory limited without swap.
[INFO] running `Command { std: "docker" "start" "-a" "4d9efaa59d6c9e722866edec5d277528ee7fea85b97bb96670d93532ba9bb0d6", kill_on_drop: false }`
[INFO] [stderr] warning: /opt/rustwide/workdir/components/config/Cargo.toml: Found `feature = ...` in `target.'cfg(...)'.dependencies`. This key is not supported for selecting dependencies and will not work as expected. Use the [features] section instead: https://doc.rust-lang.org/cargo/reference/features.html
[INFO] [stderr]     Blocking waiting for file lock on package cache
[INFO] [stderr] warning: output filename collision.
[INFO] [stderr] The lib target `layout` in package `layout_2020 v0.0.1 (/opt/rustwide/workdir/components/layout_2020)` has the same output filename as the lib target `layout` in package `layout_2013 v0.0.1 (/opt/rustwide/workdir/components/layout)`.
[INFO] [stderr] Colliding filename is: /opt/rustwide/target/debug/liblayout.rlib
[INFO] [stderr] The targets should have unique names.
[INFO] [stderr] Consider changing their names to be unique or compiling them separately.
[INFO] [stderr] This may become a hard error in the future; see <https://github.com/rust-lang/cargo/issues/6313>.
[INFO] [stderr] warning: output filename collision.
[INFO] [stderr] The lib target `layout_thread` in package `layout_thread_2020 v0.0.1 (/opt/rustwide/workdir/components/layout_thread_2020)` has the same output filename as the lib target `layout_thread` in package `layout_thread_2013 v0.0.1 (/opt/rustwide/workdir/components/layout_thread)`.
[INFO] [stderr] Colliding filename is: /opt/rustwide/target/debug/liblayout_thread.rlib
[INFO] [stderr] The targets should have unique names.
[INFO] [stderr] Consider changing their names to be unique or compiling them separately.
[INFO] [stderr] This may become a hard error in the future; see <https://github.com/rust-lang/cargo/issues/6313>.
[INFO] [stderr] warning: output filename collision.
[INFO] [stderr] The lib target `simpleservo` in package `simpleservo_jniapi v0.0.1 (/opt/rustwide/workdir/ports/libsimpleservo/jniapi)` has the same output filename as the lib target `simpleservo` in package `simpleservo_capi v0.0.1 (/opt/rustwide/workdir/ports/libsimpleservo/capi)`.
[INFO] [stderr] Colliding filename is: /opt/rustwide/target/debug/deps/libsimpleservo.so
[INFO] [stderr] The targets should have unique names.
[INFO] [stderr] Consider changing their names to be unique or compiling them separately.
[INFO] [stderr] This may become a hard error in the future; see <https://github.com/rust-lang/cargo/issues/6313>.
[INFO] [stderr] warning: output filename collision.
[INFO] [stderr] The lib target `simpleservo` in package `simpleservo_jniapi v0.0.1 (/opt/rustwide/workdir/ports/libsimpleservo/jniapi)` has the same output filename as the lib target `simpleservo` in package `simpleservo_capi v0.0.1 (/opt/rustwide/workdir/ports/libsimpleservo/capi)`.
[INFO] [stderr] Colliding filename is: /opt/rustwide/target/debug/libsimpleservo.so
[INFO] [stderr] The targets should have unique names.
[INFO] [stderr] Consider changing their names to be unique or compiling them separately.
[INFO] [stderr] This may become a hard error in the future; see <https://github.com/rust-lang/cargo/issues/6313>.
[INFO] [stderr]    Compiling lazy_static v1.3.0
[INFO] [stderr]    Compiling proc-macro2 v0.4.26
[INFO] [stderr]    Compiling byteorder v1.2.7
[INFO] [stderr]    Compiling syn v0.15.39
[INFO] [stderr]    Compiling serde v1.0.88
[INFO] [stderr]    Compiling num-traits v0.2.4
[INFO] [stderr]    Compiling getrandom v0.1.12
[INFO] [stderr]    Compiling syn v1.0.3
[INFO] [stderr]    Compiling nodrop v0.1.12
[INFO] [stderr]    Compiling slab v0.4.1
[INFO] [stderr]    Compiling memchr v2.2.0
[INFO] [stderr]    Compiling regex v1.1.6
[INFO] [stderr]    Compiling utf8-ranges v1.0.2
[INFO] [stderr]    Compiling dtoa v0.4.1
[INFO] [stderr]    Compiling byte-tools v0.3.0
[INFO] [stderr]    Compiling opaque-debug v0.2.1
[INFO] [stderr]    Compiling version_check v0.1.4
[INFO] [stderr]    Compiling unicode-normalization v0.1.5
[INFO] [stderr]    Compiling ident_case v1.0.0
[INFO] [stderr]    Compiling precomputed-hash v0.1.1
[INFO] [stderr]    Compiling khronos_api v3.1.0
[INFO] [stderr]    Compiling encoding_rs v0.8.12
[INFO] [stderr]    Compiling mac v0.1.1
[INFO] [stderr]    Compiling utf-8 v0.7.5
[INFO] [stderr]    Compiling smallbitvec v2.3.0
[INFO] [stderr]    Compiling thin-slice v0.1.1
[INFO] [stderr]    Compiling num-derive v0.2.3
[INFO] [stderr]    Compiling surfman-chains-api v0.2.0
[INFO] [stderr]    Compiling rayon-core v1.6.0
[INFO] [stderr]    Compiling num-integer v0.1.38
[INFO] [stderr]    Compiling getopts v0.2.17
[INFO] [stderr]    Compiling procedural-masquerade v0.1.6
[INFO] [stderr]    Compiling termcolor v1.0.4
[INFO] [stderr]    Compiling bindgen v0.51.1
[INFO] [stderr]    Compiling binary-space-partition v0.1.2
[INFO] [stderr]    Compiling servo-media-traits v0.1.0 (https://github.com/servo/media#220ed138)
[INFO] [stderr]    Compiling ordermap v0.3.5
[INFO] [stderr]    Compiling fixedbitset v0.1.9
[INFO] [stderr]    Compiling boxfnonce v0.1.0
[INFO] [stderr]    Compiling thread_profiler v0.1.3
[INFO] [stderr]    Compiling signpost v0.1.0 (https://github.com/pcwalton/signpost.git#7ed71250)
[INFO] [stderr]    Compiling scoped_threadpool v0.1.7
[INFO] [stderr]    Compiling svg_fmt v0.4.0
[INFO] [stderr]    Compiling byte-slice-cast v0.2.0
[INFO] [stderr]    Compiling urlencoding v1.0.0
[INFO] [stderr]    Compiling fs_extra v1.1.0
[INFO] [stderr]    Compiling atomic_refcell v0.1.0
[INFO] [stderr]    Compiling openssl v0.10.11
[INFO] [stderr]    Compiling ucd v0.1.1
[INFO] [stderr]    Compiling alloc-no-stdlib v2.0.0
[INFO] [stderr]    Compiling rustc-demangle v0.1.4
[INFO] [stderr]    Compiling lazycell v1.0.0
[INFO] [stderr]    Compiling mitochondria v1.1.2
[INFO] [stderr]    Compiling swapper v0.1.0
[INFO] [stderr]    Compiling hyper-openssl v0.7.0
[INFO] [stderr]    Compiling ref_filter_map v1.0.1
[INFO] [stderr]    Compiling ref_slice v1.1.1
[INFO] [stderr]    Compiling antidote v1.0.0
[INFO] [stderr]    Compiling rle-decode-fast v1.0.1
[INFO] [stderr]    Compiling canvas v0.0.1 (/opt/rustwide/workdir/components/canvas)
[INFO] [stderr]    Compiling half v1.0.0
[INFO] [stderr]    Compiling libservo v0.0.1 (/opt/rustwide/workdir/components/servo)
[INFO] [stderr]    Compiling cbindgen v0.9.1
[INFO] [stderr]    Compiling gstreamer v0.14.5
[INFO] [stderr]    Compiling osmesa-src v0.1.1 (https://github.com/servo/osmesa-src#1a9519c3)
[INFO] [stderr]    Compiling moite_moite v0.2.0
[INFO] [stderr]    Compiling muldiv v0.2.0
[INFO] [stderr]    Compiling android_log-sys v0.1.2
[INFO] [stderr]    Compiling servo v0.0.1 (/opt/rustwide/workdir/ports/glutin)
[INFO] [stderr]    Compiling jni-sys v0.3.0
[INFO] [stderr]    Compiling cesu8 v1.1.0
[INFO] [stderr]    Compiling histogram v0.6.8
[INFO] [stderr]    Compiling size_of_test v0.0.1 (/opt/rustwide/workdir/components/size_of_test)
[INFO] [stderr]    Compiling android_injected_glue v0.2.3
[INFO] [stderr]    Compiling log v0.4.6
[INFO] [stderr]    Compiling regex-syntax v0.6.6
[INFO] [stderr]    Compiling lock_api v0.3.1
[INFO] [stderr]    Compiling x11-dl v2.18.3
[INFO] [stderr]    Compiling itertools v0.8.0
[INFO] [stderr]    Compiling servo-fontconfig-sys v4.0.7
[INFO] [stderr]    Compiling x11 v2.17.3
[INFO] [stderr]    Compiling unwind-sys v0.1.1
[INFO] [stderr]    Compiling glib-sys v0.9.0
[INFO] [stdout] error[E0432]: unresolved import `this_platform_is_not_supported`
[INFO] [stdout]    --> /opt/rustwide/cargo-home/registry/src/github.com-1ecc6299db9ec823/android_injected_glue-0.2.3/src/lib.rs:162:5
[INFO] [stdout]     |
[INFO] [stdout] 162 | use this_platform_is_not_supported;
[INFO] [stdout]     |     ^^^^^^^^^^^^^^^^^^^^^^^^^^^^^^ no `this_platform_is_not_supported` in the root
[INFO] [stdout] 
[INFO] [stdout] 
[INFO] [stderr]    Compiling gobject-sys v0.9.0
[INFO] [stderr]    Compiling gstreamer-sys v0.8.0
[INFO] [stderr]    Compiling walkdir v2.2.7
[INFO] [stderr]    Compiling owning_ref v0.4.0
[INFO] [stderr]    Compiling script_plugins v0.0.1 (/opt/rustwide/workdir/components/script_plugins)
[INFO] [stderr]    Compiling textwrap v0.10.0
[INFO] [stdout] error: aborting due to previous error
[INFO] [stdout] 
[INFO] [stdout] 
[INFO] [stdout] For more information about this error, try `rustc --explain E0432`.
[INFO] [stdout] 
[INFO] [stderr]    Compiling inflate v0.4.3
[INFO] [stdout] error[E0658]: trait bounds other than `Sized` on const fn parameters are unstable
[INFO] [stdout]    --> /opt/rustwide/cargo-home/registry/src/github.com-1ecc6299db9ec823/lock_api-0.3.1/src/mutex.rs:131:6
[INFO] [stdout]     |
[INFO] [stdout] 131 | impl<R: RawMutex, T> Mutex<R, T> {
[INFO] [stdout]     |      ^
[INFO] [stdout]     |
[INFO] [stdout]     = note: see issue #57563 <https://github.com/rust-lang/rust/issues/57563> for more information
[INFO] [stdout]     = help: add `#![feature(const_fn_trait_bound)]` to the crate attributes to enable
[INFO] [stdout] 
[INFO] [stdout] 
[INFO] [stderr] error: could not compile `android_injected_glue`
[INFO] [stderr] 
[INFO] [stderr] To learn more, run the command again with --verbose.
[INFO] [stderr] warning: build failed, waiting for other jobs to finish...
[INFO] [stdout] error[E0658]: trait bounds other than `Sized` on const fn parameters are unstable
[INFO] [stdout]    --> /opt/rustwide/cargo-home/registry/src/github.com-1ecc6299db9ec823/lock_api-0.3.1/src/remutex.rs:187:6
[INFO] [stdout]     |
[INFO] [stdout] 187 | impl<R: RawMutex, G: GetThreadId, T> ReentrantMutex<R, G, T> {
[INFO] [stdout]     |      ^
[INFO] [stdout]     |
[INFO] [stdout]     = note: see issue #57563 <https://github.com/rust-lang/rust/issues/57563> for more information
[INFO] [stdout]     = help: add `#![feature(const_fn_trait_bound)]` to the crate attributes to enable
[INFO] [stdout] 
[INFO] [stdout] 
[INFO] [stdout] error[E0658]: trait bounds other than `Sized` on const fn parameters are unstable
[INFO] [stdout]    --> /opt/rustwide/cargo-home/registry/src/github.com-1ecc6299db9ec823/lock_api-0.3.1/src/remutex.rs:187:19
[INFO] [stdout]     |
[INFO] [stdout] 187 | impl<R: RawMutex, G: GetThreadId, T> ReentrantMutex<R, G, T> {
[INFO] [stdout]     |                   ^
[INFO] [stdout]     |
[INFO] [stdout]     = note: see issue #57563 <https://github.com/rust-lang/rust/issues/57563> for more information
[INFO] [stdout]     = help: add `#![feature(const_fn_trait_bound)]` to the crate attributes to enable
[INFO] [stdout] 
[INFO] [stdout] 
[INFO] [stdout] error[E0658]: trait bounds other than `Sized` on const fn parameters are unstable
[INFO] [stdout]    --> /opt/rustwide/cargo-home/registry/src/github.com-1ecc6299db9ec823/lock_api-0.3.1/src/rwlock.rs:268:6
[INFO] [stdout]     |
[INFO] [stdout] 268 | impl<R: RawRwLock, T> RwLock<R, T> {
[INFO] [stdout]     |      ^
[INFO] [stdout]     |
[INFO] [stdout]     = note: see issue #57563 <https://github.com/rust-lang/rust/issues/57563> for more information
[INFO] [stdout]     = help: add `#![feature(const_fn_trait_bound)]` to the crate attributes to enable
[INFO] [stdout] 
[INFO] [stdout] 
[INFO] [stdout] error: aborting due to 4 previous errors
[INFO] [stdout] 
[INFO] [stdout] 
[INFO] [stdout] For more information about this error, try `rustc --explain E0658`.
[INFO] [stdout] 
[INFO] [stdout] error[E0462]: found staticlib `rustc` instead of rlib or dylib
[INFO] [stdout]   --> components/script_plugins/lib.rs:25:1
[INFO] [stdout]    |
[INFO] [stdout] 25 | extern crate rustc;
[INFO] [stdout]    | ^^^^^^^^^^^^^^^^^^^
[INFO] [stdout]    |
[INFO] [stdout]    = help: please recompile that crate using --crate-type lib
[INFO] [stdout]    = note: the following crate versions were found:
[INFO] [stdout]            crate `rustc`: /opt/rustwide/rustup-home/toolchains/881c1ac408d93bb7adaa3a51dabab9266e82eee8/lib/rustlib/x86_64-unknown-linux-gnu/lib/librustc-nightly_rt.msan.a
[INFO] [stdout]            crate `rustc`: /opt/rustwide/rustup-home/toolchains/881c1ac408d93bb7adaa3a51dabab9266e82eee8/lib/rustlib/x86_64-unknown-linux-gnu/lib/librustc-nightly_rt.lsan.a
[INFO] [stdout]            crate `rustc`: /opt/rustwide/rustup-home/toolchains/881c1ac408d93bb7adaa3a51dabab9266e82eee8/lib/rustlib/x86_64-unknown-linux-gnu/lib/librustc-nightly_rt.asan.a
[INFO] [stdout]            crate `rustc`: /opt/rustwide/rustup-home/toolchains/881c1ac408d93bb7adaa3a51dabab9266e82eee8/lib/rustlib/x86_64-unknown-linux-gnu/lib/librustc-nightly_rt.tsan.a
[INFO] [stdout] 
[INFO] [stdout] 
[INFO] [stdout] error: aborting due to previous error
[INFO] [stdout] 
[INFO] [stdout] 
[INFO] [stderr] error: build failed
[INFO] running `Command { std: "docker" "inspect" "4d9efaa59d6c9e722866edec5d277528ee7fea85b97bb96670d93532ba9bb0d6", kill_on_drop: false }`
[INFO] running `Command { std: "docker" "rm" "-f" "4d9efaa59d6c9e722866edec5d277528ee7fea85b97bb96670d93532ba9bb0d6", kill_on_drop: false }`
[INFO] [stdout] 4d9efaa59d6c9e722866edec5d277528ee7fea85b97bb96670d93532ba9bb0d6
